. Let c(q) = 0*q**3 + 0*q**3 - 4*q**2 + q**3 - 45*q + 38*q + u. Give c(5).
-7
Suppose 2*t + 0*t - 5*l = -26, 4*l - 1 = -5*t. Let c(s) = 2*s**3 + 11*s**2 - 9*s - 3. Let d be c(-6). Let i(y) = -y - 4 - 8*y - 7*y + d*y. Determine i(t).
-1
Let x be 5*1*(-2)/2. Let p(d) be the third derivative of -d**4/8 - 5*d**3/6 - d**2 - 134*d - 16. Determine p(x).
10
Let p be 24/204 - 234/(-34). Let t(r) = -3*r + 13. Give t(p).
-8
Let d(r) = -r**3 + 5*r**2 + 5. Let x be 15 - 7/((-7)/4). Let m(q) = -q**2 + 21*q - 33. Let v be m(x). What is d(v)?
5
Let u(d) = d**3 + 4*d**2 - 5*d - 3. Let y = -94 + 122. Let j = y - 23. Suppose -5*m = 10, 3*m - 4*m - 27 = j*q. What is u(q)?
-3
Let n = -182 + 187. Suppose -22 = 2*x + 4*a, -2*x - 50 = 3*x + n*a. Let t(w) = w**3 + 9*w**2 - w + 8. What is t(x)?
17
Let k be (((-2)/(-4))/(42/(-84))*-1)/1. Let i(a) = -13*a + 3 + 5*a - 2. Calculate i(k).
-7
Suppose 18799 = 20*h + 18699. Let l(y) = y**2 - 4*y - 4. Give l(h).
1
Let g = -194 + 197. Let n(d) = 2*d**2 + d**2 + 7*d**3 + d**g + 2*d**2 - 7*d**3 - 6*d. Calculate n(-6).
0
Let c = 23 - 1. Suppose -5*v = -4*i - 26, -3*v - c = -4*v + 5*i. Let j(t) = -9 + t**3 + 9 + 2 + 7*t**v - t. Give j(-7).
9
Let b(d) be the third derivative of d**5/60 - 3*d**4/8 + 3*d**3/2 + 126*d**2 - 3. Determine b(2).
-5
Let l(w) = 5*w + 1. Let b(r) = -r**2 + 5*r + 2356. Let s be b(-46). Determine l(s).
51
Suppose 15*g = 12*g. Suppose g = 12*a - 13*a. Let n(q) = -q**2 + 24. Give n(a).
24
Let b = 499 - 497. Let p(m) = -810*m**b + 809*m**2 + 2*m + 3*m + 8. Calculate p(7).
-6
Suppose 58*k - 61*k - 14 = z, 3*z = -5*k - 38. Let x(b) = b**3 + 12*b**2 + 10*b - 27. Give x(z).
-16
Let c be (0 - (4 + -3))*-7. Let w be (-32)/(-20)*15/6. Let v(r) = r**2 - 2*r - 4*r + 5 - w*r. Calculate v(c).
-16
Let l(w) = -2*w + 27. Let n = 4686 + -4686. Calculate l(n).
27
Let c(q) = -q**2 - 72*q + 16. Let p(l) = l**2 + 83*l - 15. Let m(r) = 7*c(r) + 6*p(r). Determine m(-11).
-33
Let m(y) be the first derivative of -y**4/4 - 3*y**3 + 18*y**2 - 4*y + 33. Let f be m(-12). Let b(x) = -5*x - 5. Determine b(f).
15
Let c(t) = -t**2 + 5*t + 6. Suppose 2*s = 6*v - 2*v + 28, -5*v - 33 = -2*s. Suppose -28 = -2*d + 4*x - 8*x, 4*d - 5*x - s = 0. Calculate c(d).
0
Let i be 2 - (1 - 3 - -2)/(3 + -1). Let a(x) = 25*x - 48. Give a(i).
2
Let t = -8112 - -8112. Let x(w) = -w**3 - 4*w**2 - 2*w - 26. Calculate x(t).
-26
Let z(v) = v**3 + 6*v**2 + 6*v - 2. Suppose 2*r = f - 6, 42 = -4*f - 5*r + 2*r. Give z(f).
-38
Suppose 2*y - 1 = y. Let p(b) = -56 + 115 - 108945*b - 59 + 108937*b. Determine p(y).
-8
Let v(c) = -c**2 - 4*c + 3. Let x(k) = -18*k**3 + 3*k**2 - 3*k + 1. Let b be x(1). Let o be 45 - (3 - b)/(-5). Suppose 4 = 9*j + o. What is v(j)?
-2
Let g(b) be the first derivative of -b**2 - 74 - 4*b + 1/3*b**3. What is g(3)?
-1
Suppose 36 = -10*k - 24. Let c be (-36)/(-17) + k/51. Let y(i) = -5 + 5*i**c + 24*i**3 - 25*i**3 - 2*i - 2*i. Give y(4).
-5
Let t(d) be the second derivative of 1/2*d**2 + 1/3*d**4 + 1/20*d**5 - 1 - 2*d - 2/3*d**3. Give t(-5).
-4
Let g(o) = o**2 + 4*o - 16. Suppose -7*j + 2*j - 2273 + 2238 = 0. Determine g(j).
5
Suppose 0 = 62*t + 43*t - 630. Let a(g) = -15*g - 5. Determine a(t).
-95
Let m(d) = -5*d + 10 + 6 - 13. Let v be ((-4)/5)/(1 + 42/(-30)). Determine m(v).
-7
Suppose 0 = -5*q + v + 88, -5*q + 2*v + 123 = 6*v. Let i(w) = -2*w - 18. Determine i(q).
-56
Let x(n) = 5*n - 71. Let q = 19879 + -19866. What is x(q)?
-6
Suppose 2*z + 5*s = -7 - 12, -z = 4*s + 17. Let d(n) = -6*n + 13. Determine d(z).
-5
Let g(k) be the second derivative of 2*k**3/3 + 2*k**2 - 73*k. Suppose 0 = -20*w + 24*w - 3*h + 7, -3*h = 9. What is g(w)?
-12
Let m(b) = 884*b**2 - 885*b**2 + 14 - 2*b + 3*b + 2*b. What is m(6)?
-4
Let s(m) = 2*m**2 - 46*m + 131. Let j be s(3). Let z(l) = 8 - l + j - l + 7. Calculate z(11).
4
Let o(r) = -2*r + r**3 - 160427*r**2 + 160428*r**2 + 2*r - 19. Determine o(0).
-19
Let s(i) = 7*i - 1. Suppose -35 = -55*c + 50*c. Suppose -c*v + 40 = 33. What is s(v)?
6
Suppose 0 = 22*c - 38 + 16. Let p(n) = 18*n**3 - n**2 + n. Let v(l) = 54*l**3 - 3*l**2 + 3*l. Let u(j) = -17*p(j) + 6*v(j). Determine u(c).
18
Suppose 4*f + 6 = f - t, -4*f = -5*t + 8. Let z = 1 - -2. Let h(j) = 5*j + 4 - z - 5*j - 5*j. Calculate h(f).
11
Let v(u) = 1 - 6 - 14*u + 6 + 5*u + u**2. Suppose -113 - 27 = -4*p + 4*a, p = -3*a + 35. Let n be (p/(-14) - -1)/(2/(-12)). Determine v(n).
1
Let c be ((-8)/(-24)*0)/(-5). Let y(l) be the second derivative of l**2 - 16*l + c - 1/6*l**3. Determine y(-4).
6
Suppose -g = 3*b - 57, 5*b + 2*g = 5*g + 95. Suppose 5*x - b - 21 = 0. Suppose -18*z = 44 - x. Let q(s) = -2*s - 3. Give q(z).
1
Let h(d) = 3*d**3 + 18*d**2 - 21*d + 23. Let x(q) = -10*q**3 - 67*q**2 + 62*q - 70. Let l(y) = 7*h(y) + 2*x(y). Give l(10).
-9
Let k be (15/(75/2))/(11/55). Let z = -3 + 6. Let c(x) = 2*x - z*x**2 + x**2 + 2 + 0*x**2. Give c(k).
-2
Let x = 65 - 60. Suppose -6*l = 3*z - 2*l - 108, l + 180 = x*z. Let y(s) = -32*s + 5*s**2 + z*s - 3 + s**3 + 5. Give y(-2).
6
Let b(j) = 69*j + 19. Let d(h) = -93*h - 20. Let g(y) = -4*b(y) - 3*d(y). What is g(8)?
8
Let h(d) = 2*d**3 - 7*d**2 - d - 1. Let z(j) = -34*j**3 + 14*j**2 + 4*j + 3. Let f(x) = -2*h(x) - z(x). Calculate f(-1).
-29
Suppose 20*y - 1 = 139. Let k(t) = -4*t + 33. Determine k(y).
5
Let k(a) = a**2 + 5*a + 2. Let o(g) = -2 + 0*g**2 - 6*g - 3*g**2 + 7*g**2 - 5*g**2. Let j(b) = 4*k(b) + 3*o(b). Determine j(-5).
17
Let s = -4974 + 4971. Let x(z) = z**2 - 4*z - 5. What is x(s)?
16
Let d = -14 - -16. Let i be 8 - 5*((-24)/(-10) - d). Let r be 3 + -3*(2/i)/(-1). Let b(a) = -2*a**2 + 5*a. What is b(r)?
-12
Let o(u) = 6 + 3 - 12 - 2 + 2*u + 7. Let r = -25 - -23. What is o(r)?
-2
Let r(i) = 7*i + 11. Let p(q) = 44*q - 2641. Let k be p(60). What is r(k)?
4
Let d(p) = 78*p + 1 + 74*p + 74*p - 227*p. Calculate d(-3).
4
Let h(v) = -2*v**3 - 37*v**2 - 17*v + 22. Let l be h(-18). Let j(y) = 16*y - 72. Calculate j(l).
-8
Let d(j) = -2*j**3 + 15*j**2 - 4*j - 9. Let v be d(7). Let u(p) = -v - p**2 - 23*p + 8*p + 3*p. Give u(-10).
8
Let u(z) = z**3 + 3*z**2 + 4*z + 5. Let l = 4197 - 4199. Give u(l).
1
Let d(f) = -234*f**2 - 21*f**3 + 10*f**3 + 235*f**2 + 3*f - 2 - f - 12*f**3. Calculate d(1).
-22
Let k be (8 - 9/(81/72))/(-1). Let b(p) = -3*p + 24. Calculate b(k).
24
Let b(l) = 13*l + 41 - 48*l + 32 - 72. Let z be 5/7 + (-10)/(-35). Determine b(z).
-34
Let r(q) = -21*q**2 + q - 2. Suppose 4*c - 5 = -3*o + 2, 0 = -2*c + 3*o - 1. Calculate r(c).
-22
Let u(l) = -2*l**2 - 20*l - 17. Let j be (6 - (-1 + -3))/(16/(-16 - 0)). Calculate u(j).
-17
Let v = 7546 - 7550. Let c(k) = -8*k - 17. What is c(v)?
15
Let o be 8/(-4) - (-69)/3. Let c be 4*4/48*o. Let j be 3/((105/20)/c). Let k(f) = -f - 5. What is k(j)?
-9
Let r(a) = -a - 3. Suppose 6*n - 743 = 1879. Let o = n - 439. Give r(o).
-1
Let u be (12/(-15))/(3/(-30)). Let c(k) = -5*k**3 - u*k**3 + 11*k**3 - 1 - 2*k - 2*k**2 + 3*k**3. Let o(d) = d**3 + d**2 + d. Let x be o(-1). What is c(x)?
-2
Let n(p) = -p**2 - 47*p - 54. Suppose -q + 26 = 12*i, q - 336*i + 334*i + 58 = 0. What is n(q)?
-8
Let p(g) be the third derivative of -g**6/120 - g**5/60 + g**4/12 + 2*g**2. Let o = 319 + -212. Let i = o - 105. Determine p(i).
-8
Let w(y) = -7*y**2 - 26 + 12*y**2 - 6*y**2 + 69*y - 84*y. Calculate w(-18).
-80
Let h(p) be the second derivative of -p**3/6 + 9*p**2/2 - p. Suppose -313*f - 294*f - 217*f = 266*f - 7630. Give h(f).
2
Let b(u) = u**3 + 6*u**2 + 7*u + 5. Let l = -20742 - -20738. Determine b(l).
9
Let o(i) be the third derivative of i**7/1260 + i**6/720 - 17*i**5/30 - i**4/24 - i**2 - 110. Let j(v) be the third derivative of o(v). Determine j(2).
9
Let m(b) = -105*b + 107*b - 2262*b**3 + 2261*b**3 - 9*b**2. Give m(-3).
-60
Let o be 6*(-1 - 1/3). Let x = 405 + -421. Let a be (24/x)/((-3)/o) - -2. Let w(y) = -3*y**2 + y + 1. Determine w(a).
-13
Let u(q) be the third derivative of -7/24*q**4 - 123*q**2 + 0 + 0*q - 7/6*q**3. What is u(-5)?
28
Let l(f) = -f - 6. Let m = -104 - -186. Suppose -q - m = 49. Let z = q + 137. Calculate l(z).
-12
Let f(a) = 279 - a**2 + 30*a**3 - 6*a - 139 - 29*a**3 - 132 - 5*a**2. Give f(7).
15
Let v = -28386 - -28392. Let s(g) = -4*g**2 + 5*g + 7. What is s(v)?
-107
Let m(f) be the third derivative of -f**4/24 + 17*f**3/6 - 102*f**2. Determine m(24).
-7
Let z(u) 